t common divisor of 60 and 190.
10
What is the greatest common divisor of 234 and 481?
13
What is the highest common divisor of 79 and 316?
79
Calculate the highest common factor of 272 and 80.
16
What is the greatest common divisor of 992 and 256?
32
Calculate the greatest common divisor of 8715 and 30.
15
Calculate the highest common factor of 38 and 95.
19
What is the greatest common divisor of 480 and 30?
30
Calculate the highest common factor of 56 and 2408.
56
Calculate the highest common factor of 500 and 300.
100
What is the greatest common factor of 1845 and 2952?
369
What is the highest common divisor of 36454 and 55?
11
Calculate the highest common divisor of 20 and 1990.
10
What is the highest common divisor of 1120 and 9760?
160
Calculate the highest common factor of 436 and 763.
109
What is the highest common factor of 420 and 90?
30
Calculate the highest common divisor of 19 and 5377.
19
Calculate the greatest common factor of 1073 and 37.
37
Calculate the highest common divisor of 2516 and 952.
68
Calculate the greatest common divisor of 159 and 2173.
53
Calculate the greatest common divisor of 18 and 16722.
18
What is the highest common divisor of 10351 and 11?
11
What is the highest common factor of 20 and 1145?
5
What is the highest common factor of 30 and 12?
6
What is the greatest common divisor of 2 and 268?
2
What is the greatest common factor of 210 and 1590?
30
What is the highest common factor of 8 and 123480?
8
What is the greatest common divisor of 58 and 3741?
29
Calculate the greatest common divisor of 8 and 841.
1
What is the highest common factor of 240 and 912?
48
Calculate the highest common factor of 34 and 5984.
34
What is the greatest common divisor of 12 and 57?
3
Calculate the greatest common factor of 56 and 1036.
28
Calculate the greatest common factor of 255 and 27795.
255
What is the greatest common divisor of 6 and 3018?
6
Calculate the greatest common divisor of 26705 and 5.
5
Calculate the greatest common divisor of 36 and 1944.
36
What is the greatest common factor of 539 and 147?
49
Calculate the greatest common divisor of 92 and 23.
23
Calculate the greatest common factor of 73 and 17009.
73
Calculate the highest common factor of 1058 and 46.
46
What is the highest common divisor of 3236 and 4?
4
What is the greatest common factor of 905 and 55?
5
Calculate the highest common factor of 19 and 19.
19
Calculate the greatest common divisor of 60 and 192.
12
Calculate the greatest common divisor of 111 and 259.
37
Calculate the greatest common divisor of 69 and 3.
3
What is the greatest common factor of 2 and 16?
2
Calculate the greatest common factor of 202 and 24038.
202
Calculate the highest common divisor of 320 and 12.
4
Calculate the highest common divisor of 84 and 280.
28
What is the greatest common factor of 322 and 92?
46
Calculate the highest common factor of 10 and 4330.
10
Calculate the highest common factor of 343 and 21.
7
What is the greatest common divisor of 38 and 19?
19
What is the greatest common divisor of 12 and 6?
6
What is the greatest common divisor of 161 and 299?
23
What is the greatest common divisor of 425 and 100?
25
Calculate the highest common factor of 310 and 2945.
155
Calculate the highest common factor of 59 and 3363.
59
Calculate the greatest common divisor of 10 and 3560.
10
Calculate the highest common factor of 126 and 504.
126
Calculate the highest common factor of 2633 and 2.
1
Calculate the highest common factor of 407 and 148.
37
What is the greatest common divisor of 15 and 1545?
15
What is the highest common factor of 243 and 9?
9
Calculate the highest common factor of 28 and 404.
4
What is the greatest common factor of 37 and 18537?
37
What is the greatest common divisor of 18 and 48?
6
Calculate the greatest common factor of 320 and 128.
64
Calculate the greatest common divisor of 437 and 23.
23
Calculate the highest common factor of 20 and 8.
4
Calculate the greatest common divisor of 306 and 51.
51
What is the highest common factor of 10 and 5290?
10
Calculate the highest common divisor of 3094 and 28.
14
What is the greatest common factor of 540 and 70?
10
What is the highest common factor of 300 and 765?
15
What is the highest common divisor of 39 and 66?
3
What is the highest common divisor of 66 and 12?
6
Calculate the greatest common factor of 15 and 365.
5
Calculate the highest common factor of 3312 and 144.
144
What is the greatest common factor of 870 and 33640?
290
Calculate the highest common factor of 24 and 72.
24
What is the highest common factor of 473 and 11?
11
Calculate the greatest common factor of 2048 and 16.
16
What is the greatest common factor of 1344 and 384?
192
What is the highest common divisor of 38 and 5795?
19
What is the highest common factor of 1746 and 18?
18
What is the highest common factor of 1419 and 1032?
129
What is the greatest common factor of 198 and 6?
6
What is the greatest common factor of 2192 and 48?
16
Calculate the greatest common divisor of 3895 and 615.
205
What is the highest common divisor of 1856 and 29?
29
What is the highest common factor of 261 and 87?
87
What is the greatest common factor of 875 and 84?
7
What is the greatest common divisor of 20 and 4990?
10
What is the greatest common factor of 90 and 2010?
30
Calculate the greatest common divisor of 32 and 352.
32
What is the greatest common divisor of 1558 and 38?
38
What is the highest common divisor of 9 and 63?
9
What is the highest common factor of 2128 and 76?
76
What is the highest common factor of 1946 and 5560?
278
Calculate the highest common divisor of 722 and 114.
38
Calculate the highest common divisor of 264 and 2024.
88
What is the greatest common divisor of 72 and 2484?
36
What is the highest common divisor of 1271 and 403?
31
Calculate the highest common divisor of 4015 and 275.
55
What is the greatest common factor of 56882 and 238?
238
What is the highest common divisor of 1219 and 161?
23
Calculate the greatest common divisor of 62 and 51398.
62
Calculate the greatest common factor of 524 and 21222.
262
Calculate the highest common divisor of 58 and 78.
2
What is the highest common factor of 59 and 59?
59
What is the greatest common factor of 1833 and 78?
39
What is the highest common divisor of 65 and 598?
13
What is the highest common factor of 77 and 99?
11
Calculate the highest common divisor of 77 and 33.
11
Calculate the greatest common factor of 1024 and 128.
128
Calculate the greatest common divisor of 385 and 140.
35
Calculate the greatest common factor of 64 and 24.
8
Calculate the highest common divisor of 63 and 2247.
21
Calculate the greatest common divisor of 616 and 2695.
77
Calculate the greatest common factor of 1458 and 18.
18
Calculate the greatest common factor of 44 and 2596.
44
Calculate the greatest common factor of 396 and 612.
36
What is the highest common factor of 2567 and 302?
151
Calculate the highest common factor of 603 and 72.
9
What is the highest common factor of 11 and 21769?
11
What is the highest common divisor of 7267 and 43?
43
What is the greatest common factor of 15 and 60?
15
Calculate the highest common divisor of 160 and 9200.
80
What is the highest common divisor of 5418 and 258?
258
Calculate the greatest common factor of 7840 and 50.
10
Calculate the highest common factor of 240 and 45.
15
Calculate the greatest common divisor of 1007 and 285.
19
What is the highest common factor of 10 and 20?
10
Calculate the greatest common factor of 240 and 15760.
80
What is the highest common divisor of 17 and 493?
17
What is the highest common factor of 392 and 1582?
14
Calculate the highest common factor of 10 and 170.
10
What is the greatest common factor of 51 and 1445?
17
What is the highest common factor of 16 and 296?
8
What is the highest common factor of 45 and 477?
9
Calculate the highest common factor of 343 and 73402.
343
What is the highest common divisor of 344 and 43?
43
What is the highest common factor of 568 and 4?
4
Calculate the highest common divisor of 1216 and 19.
19
Calculate the greatest common factor of 8300 and 20.
20
What is the greatest common divisor of 216 and 1032?
24
What is the highest common divisor of 14028 and 63?
21
What is the highest common f